{"id":5,"date":"2012-08-22T23:28:03","date_gmt":"2012-08-22T20:28:03","guid":{"rendered":"https:\/\/elainpuisto.fi\/uusi\/?page_id=5"},"modified":"2024-02-21T21:04:23","modified_gmt":"2024-02-21T19:04:23","slug":"matintalo","status":"publish","type":"page","link":"https:\/\/elainpuisto.fi\/uusi\/matintalo\/","title":{"rendered":"Kahvila"},"content":{"rendered":"<p><strong>Savupirtti-Kaffila<\/strong> toimii 1700-luvun pohjalaisessa maalaistalossa museon pihapiiriss\u00e4. Kaffilassa on joka p\u00e4iv\u00e4 saatavilla mm.s\u00e4mpyl\u00f6it\u00e4, paikallisia<br aria-hidden=\"true\" \/>leivonnaisia, Sia-j\u00e4\u00e4tel\u00f6\u00e4 sek\u00e4 juotavaksi esimerkiksi Laitilan<br aria-hidden=\"true\" \/>limonaadia. Monenlaista muutakin suuhunpantavaa l\u00f6ytyy. Kahvilan<br aria-hidden=\"true\" \/>yl\u00e4kerrasta l\u00f6ytyy vuosittain erilaisia k\u00e4sity\u00f6n\u00e4yttelyit\u00e4.<\/p>\n<p><a href=\"https:\/\/elainpuisto.fi\/uusi\/wp-content\/uploads\/2012\/08\/matintalo_p\u00e4\u00e4ty.jpg\" rel=\"lightbox[5]\"><img loading=\"lazy\" decoding=\"async\" class=\"alignnone wp-image-323 size-thumbnail\" src=\"https:\/\/elainpuisto.fi\/uusi\/wp-content\/uploads\/2012\/08\/matintalo_p\u00e4\u00e4ty-150x150.jpg\" alt=\"\" width=\"150\" height=\"150\" \/><\/a><a href=\"https:\/\/elainpuisto.fi\/uusi\/wp-content\/uploads\/2012\/08\/kukatkahvilassa.jpg\" rel=\"lightbox[5]\"><img loading=\"lazy\" decoding=\"async\" class=\"alignnone wp-image-324 size-thumbnail\" src=\"https:\/\/elainpuisto.fi\/uusi\/wp-content\/uploads\/2012\/08\/kukatkahvilassa-150x150.jpg\" alt=\"\" width=\"150\" height=\"150\" \/><\/a><a href=\"https:\/\/elainpuisto.fi\/uusi\/wp-content\/uploads\/2012\/08\/tytotkahvilassa.jpg\" rel=\"lightbox[5]\"><img loading=\"lazy\" decoding=\"async\" class=\"alignnone wp-image-325 size-thumbnail\" src=\"https:\/\/elainpuisto.fi\/uusi\/wp-content\/uploads\/2012\/08\/tytotkahvilassa-150x150.jpg\" alt=\"\" width=\"150\" height=\"150\" \/><\/a><a href=\"https:\/\/elainpuisto.fi\/uusi\/wp-content\/uploads\/2012\/08\/matintalo_kahvio.jpg\" rel=\"lightbox[5]\"><img loading=\"lazy\" decoding=\"async\" class=\"alignnone wp-image-389 size-thumbnail\" src=\"https:\/\/elainpuisto.fi\/uusi\/wp-content\/uploads\/2012\/08\/matintalo_kahvio-150x150.jpg\" alt=\"\" width=\"150\" height=\"150\" \/><\/a><a href=\"https:\/\/elainpuisto.fi\/uusi\/wp-content\/uploads\/2012\/08\/kahvila+kukat.jpg\" rel=\"lightbox[5]\"><img loading=\"lazy\" decoding=\"async\" class=\"alignnone wp-image-327 size-thumbnail\" src=\"https:\/\/elainpuisto.fi\/uusi\/wp-content\/uploads\/2012\/08\/kahvila+kukat-150x150.jpg\" alt=\"\" width=\"150\" height=\"150\" \/><\/a><a href=\"https:\/\/elainpuisto.fi\/uusi\/wp-content\/uploads\/2017\/02\/vintti-taulu.jpg\" rel=\"lightbox[5]\"><img loading=\"lazy\" decoding=\"async\" class=\"alignnone wp-image-668 size-thumbnail\" src=\"https:\/\/elainpuisto.fi\/uusi\/wp-content\/uploads\/2017\/02\/vintti-taulu-150x150.jpg\" alt=\"\" width=\"150\" height=\"150\" \/><\/a><a href=\"https:\/\/elainpuisto.fi\/uusi\/wp-content\/uploads\/2022\/04\/kannu-ja-kukka-scaled.jpg\" rel=\"lightbox[5]\"><img loading=\"lazy\" decoding=\"async\" class=\"alignnone wp-image-912 size-thumbnail\" src=\"https:\/\/elainpuisto.fi\/uusi\/wp-content\/uploads\/2022\/04\/kannu-ja-kukka-150x150.jpg\" alt=\"\" width=\"150\" height=\"150\" \/><\/a><a href=\"https:\/\/elainpuisto.fi\/uusi\/wp-content\/uploads\/2022\/04\/kattilat-scaled.jpg\" rel=\"lightbox[5]\"><img loading=\"lazy\" decoding=\"async\" class=\"alignnone wp-image-913 size-thumbnail\" src=\"https:\/\/elainpuisto.fi\/uusi\/wp-content\/uploads\/2022\/04\/kattilat-150x150.jpg\" alt=\"\" width=\"150\" height=\"150\" \/><\/a><a href=\"https:\/\/elainpuisto.fi\/uusi\/wp-content\/uploads\/2022\/04\/vaaka-ja-kukka.jpg\" rel=\"lightbox[5]\"><img loading=\"lazy\" decoding=\"async\" class=\"alignnone wp-image-915 size-thumbnail\" src=\"https:\/\/elainpuisto.fi\/uusi\/wp-content\/uploads\/2022\/04\/vaaka-ja-kukka-150x150.jpg\" alt=\"\" width=\"150\" height=\"150\" \/><\/a><\/p>\n<p>&nbsp;<\/p>\n<h1>Kahvila ja Matintalo ovat koko alueen keskus.<\/h1>\n<p><strong><strong><br \/>\nMatintalo.\u00a0<\/strong><\/strong>Kes\u00e4kautena 1998 avasi ovensa Talonpojanmuseon pihapiiriss\u00e4 K\u00e4lvi\u00e4n Ruotsalosta siirretty 1850-luvulta per\u00e4isin oleva iso 2-kerroksinen maalaistalo. Matintalossa on lelumuseo ja vintill\u00e4 on radio- ja ompelukonen\u00e4yttelyt. Sielt\u00e4 l\u00f6ytyy my\u00f6s mm. kyl\u00e4mankeli ja 50-luvun huone. Matintalon isossa tuvassa on esill\u00e4 parisataa Wanhaa Arabian astiaa. Tervetuloa tutustumaan!<\/p>\n<p><a href=\"https:\/\/elainpuisto.fi\/uusi\/wp-content\/uploads\/2012\/08\/kukat.jpg\" rel=\"lightbox[5]\"><img loading=\"lazy\" decoding=\"async\" class=\"alignnone wp-image-459 size-thumbnail\" src=\"https:\/\/elainpuisto.fi\/uusi\/wp-content\/uploads\/2012\/08\/kukat-150x150.jpg\" alt=\"Kasvihuone\" width=\"150\" height=\"150\" \/><\/a><a href=\"https:\/\/elainpuisto.fi\/uusi\/wp-content\/uploads\/2012\/10\/lelut.jpg\" rel=\"lightbox[5]\"><img loading=\"lazy\" decoding=\"async\" class=\"alignnone wp-image-181 size-thumbnail\" src=\"https:\/\/elainpuisto.fi\/uusi\/wp-content\/uploads\/2012\/10\/lelut-150x150.jpg\" alt=\"Lelun\u00e4yttely Matintalossa\" width=\"150\" height=\"150\" \/><\/a><a href=\"https:\/\/elainpuisto.fi\/uusi\/wp-content\/uploads\/2012\/08\/valopesuaine.jpg\" rel=\"lightbox[5]\"><img loading=\"lazy\" decoding=\"async\" class=\"alignnone wp-image-330 size-thumbnail\" title=\"Valo-pesuaine\" src=\"https:\/\/elainpuisto.fi\/uusi\/wp-content\/uploads\/2012\/08\/valopesuaine-150x150.jpg\" alt=\"\" width=\"150\" height=\"150\" \/><\/a><a href=\"https:\/\/elainpuisto.fi\/uusi\/wp-content\/uploads\/2012\/08\/matintalo4.jpg\" rel=\"lightbox[5]\"><img loading=\"lazy\" decoding=\"async\" class=\"alignnone size-thumbnail wp-image-331\" title=\"Matintalo\" src=\"https:\/\/elainpuisto.fi\/uusi\/wp-content\/uploads\/2012\/08\/matintalo4-150x150.jpg\" alt=\"\" width=\"150\" height=\"150\" \/><\/a><a href=\"https:\/\/elainpuisto.fi\/uusi\/wp-content\/uploads\/2012\/08\/kelakukat.jpg\" rel=\"lightbox[5]\"><img loading=\"lazy\" decoding=\"async\" class=\"alignnone size-thumbnail wp-image-332\" title=\"Kukkia\" src=\"https:\/\/elainpuisto.fi\/uusi\/wp-content\/uploads\/2012\/08\/kelakukat-150x150.jpg\" alt=\"\" width=\"150\" height=\"150\" \/><\/a><a href=\"https:\/\/elainpuisto.fi\/uusi\/wp-content\/uploads\/2012\/08\/orvokit.jpg\" rel=\"lightbox[5]\"><img loading=\"lazy\" decoding=\"async\" class=\"alignnone size-thumbnail wp-image-333\" title=\"Orvokit\" src=\"https:\/\/elainpuisto.fi\/uusi\/wp-content\/uploads\/2012\/08\/orvokit-150x150.jpg\" alt=\"\" width=\"150\" height=\"150\" \/><\/a><a style=\"font-weight: 300;\" href=\"https:\/\/elainpuisto.fi\/uusi\/wp-content\/uploads\/2017\/02\/matintalo_portaat.jpg\" rel=\"lightbox[5]\"><img loading=\"lazy\" decoding=\"async\" class=\"alignnone size-thumbnail wp-image-672\" src=\"https:\/\/elainpuisto.fi\/uusi\/wp-content\/uploads\/2017\/02\/matintalo_portaat-150x150.jpg\" alt=\"Matintalo\" width=\"150\" height=\"150\" \/><\/a><a href=\"https:\/\/elainpuisto.fi\/uusi\/wp-content\/uploads\/2017\/02\/kasvihuone2.jpg\" rel=\"lightbox[5]\"><img loading=\"lazy\" decoding=\"async\" class=\"alignnone size-thumbnail wp-image-653\" src=\"https:\/\/elainpuisto.fi\/uusi\/wp-content\/uploads\/2017\/02\/kasvihuone2-150x150.jpg\" alt=\"Kasvihuone\" width=\"150\" height=\"150\" \/><\/a><a href=\"https:\/\/elainpuisto.fi\/uusi\/wp-content\/uploads\/2017\/02\/kasvihuone.jpg\" rel=\"lightbox[5]\"><img loading=\"lazy\" decoding=\"async\" class=\"alignnone wp-image-652 size-thumbnail\" src=\"https:\/\/elainpuisto.fi\/uusi\/wp-content\/uploads\/2017\/02\/kasvihuone-150x150.jpg\" alt=\"Kasvihuone\" width=\"150\" height=\"150\" \/><\/a><\/p>\n<p>&nbsp;<\/p>\n","protected":false},"excerpt":{"rendered":"<p>Savupirtti-Kaffila toimii 1700-luvun pohjalaisessa maalaistalossa museon pihapiiriss&auml;. Kaffilassa on joka p&auml;iv&auml; saatavilla mm.s&auml;mpyl&ouml;it&auml;, paikallisialeivonnaisia, Sia-j&auml;&auml;tel&ouml;&auml; sek&auml; juotavaksi esimerkiksi Laitilanlimonaadia. Monenlaista muutakin suuhunpantavaa l&ouml;ytyy. Kahvilanyl&auml;kerrasta l&ouml;ytyy vuosittain erilaisia k&auml;sity&ouml;n&auml;yttelyit&auml;. &nbsp; Kahvila ja Matintalo ovat koko alueen keskus. Matintalo.&nbsp;Kes&auml;kautena 1998 avasi ovensa &hellip; <a href=\"https:\/\/elainpuisto.fi\/uusi\/matintalo\/\">Continue reading <span class=\"meta-nav\">&rarr;<\/span><\/a><\/p>\n","protected":false},"author":1,"featured_media":318,"parent":0,"menu_order":2,"comment_status":"closed","ping_status":"closed","template":"sidebar-page.php","meta":{"footnotes":""},"_links":{"self":[{"href":"https:\/\/elainpuisto.fi\/uusi\/wp-json\/wp\/v2\/pages\/5"}],"collection":[{"href":"https:\/\/elainpuisto.fi\/uusi\/wp-json\/wp\/v2\/pages"}],"about":[{"href":"https:\/\/elainpuisto.fi\/uusi\/wp-json\/wp\/v2\/types\/page"}],"author":[{"embeddable":true,"href":"https:\/\/elainpuisto.fi\/uusi\/wp-json\/wp\/v2\/users\/1"}],"replies":[{"embeddable":true,"href":"https:\/\/elainpuisto.fi\/uusi\/wp-json\/wp\/v2\/comments?post=5"}],"version-history":[{"count":83,"href":"https:\/\/elainpuisto.fi\/uusi\/wp-json\/wp\/v2\/pages\/5\/revisions"}],"predecessor-version":[{"id":931,"href":"https:\/\/elainpuisto.fi\/uusi\/wp-json\/wp\/v2\/pages\/5\/revisions\/931"}],"wp:featuredmedia":[{"embeddable":true,"href":"https:\/\/elainpuisto.fi\/uusi\/wp-json\/wp\/v2\/media\/318"}],"wp:attachment":[{"href":"https:\/\/elainpuisto.fi\/uusi\/wp-json\/wp\/v2\/media?parent=5"}],"curies":[{"name":"wp","href":"https:\/\/api.w.org\/{rel}","templated":true}]}}