{"id":2,"date":"2012-08-21T10:40:37","date_gmt":"2012-08-21T07:40:37","guid":{"rendered":"https:\/\/elainpuisto.fi\/uusi\/?page_id=2"},"modified":"2026-03-27T16:34:28","modified_gmt":"2026-03-27T14:34:28","slug":"etusivu","status":"publish","type":"page","link":"https:\/\/elainpuisto.fi\/uusi\/","title":{"rendered":"Tervetuloa!"},"content":{"rendered":"\r\n\r\n\r\n<h2 class=\"wp-block-heading\">Tervetuloa sivuillemme!<\/h2>\r\n\r\n<p><strong data-start=\"180\" data-end=\"302\">Toivosen El\u00e4inpuisto ja Talonpojanmuseo sijaitsevat valtatie 8:n varressa K\u00e4lvi\u00e4ll\u00e4, noin 10 km pohjoiseen Kokkolasta.<\/strong> Talonpojanmuseo ja sen yhteydess\u00e4 toimiva El\u00e4inpuisto k\u00e4sitt\u00e4v\u00e4t t\u00e4ll\u00e4 hetkell\u00e4 50 erillist\u00e4 rakennusta ja yli 12\u202f500 museo-esinett\u00e4. Museoalue laajenee jatkuvasti, ja sen kehitt\u00e4misess\u00e4 pyrit\u00e4\u00e4n tarjoamaan jokaiselle vieraalle yksityiskohtaista tietoa keskipohjalaisen maalaiskyl\u00e4n el\u00e4m\u00e4st\u00e4 1900-luvun alussa. Kes\u00e4kaudella alueella on runsaasti mielenkiintoisia ty\u00f6n\u00e4yt\u00f6ksi\u00e4, jotka seuraavat vanhoja talonpoikaisia perinteit\u00e4.<\/p>\r\n<p><iframe loading=\"lazy\" title=\"Toivosen El\u00e4inpuisto\" width=\"584\" height=\"329\" src=\"https:\/\/www.youtube.com\/embed\/GakhXnzBvuw?feature=oembed\" frameborder=\"0\" allow=\"accelerometer; autoplay; clipboard-write; encrypted-media; gyroscope; picture-in-picture; web-share\" referrerpolicy=\"strict-origin-when-cross-origin\" allowfullscreen><\/iframe><\/p>\r\n<p>&nbsp;<\/p>\r\n<p>El\u00e4inpuistossa voi tutustua vanhan maalaiskyl\u00e4n koko el\u00e4imist\u00f6\u00f6n sen perinteisiss\u00e4 elinymp\u00e4rist\u00f6iss\u00e4. Alueelta l\u00f6ytyy monipuolisia palveluja, kuten kahvila ja erilaisia n\u00e4yttelyit\u00e4. Kahvilassa myyd\u00e4\u00e4n pieni\u00e4 matkamuistoja ja lahjatavaroita. Lapsille on oma leikkipuistoalue, johon kuuluu leikkim\u00f6kkien n\u00e4yttelyalue, leikkikauppa sek\u00e4 leikkim\u00f6kkej\u00e4 leikkimist\u00e4 varten. Alueella on my\u00f6s vanhojen autojen ja traktorien n\u00e4yttely koko kes\u00e4kauden ajan.<\/p>\r\n<p><a title=\"El\u00e4inpuiston ja museokyl\u00e4n kartta\" href=\"https:\/\/elainpuisto.fi\/uusi\/wp-content\/uploads\/2017\/05\/Toivosen_Elainpuisto_map.pdf\" target=\"_blank\" rel=\"noopener noreferrer\"><img loading=\"lazy\" decoding=\"async\" class=\"alignnone size-full wp-image-580\" src=\"https:\/\/elainpuisto.fi\/uusi\/wp-content\/uploads\/2016\/02\/Lapset_Elainpuisto_kartta.jpg\" alt=\"Avaa t\u00e4st\u00e4 El\u00e4inpuiston ja Museokyl\u00e4n kartta\" width=\"580\" height=\"280\" \/><\/a><\/p>\r\n<p>&nbsp;<\/p>\r\n<p><img loading=\"lazy\" decoding=\"async\" class=\"alignright size-full wp-image-960\" src=\"https:\/\/elainpuisto.fi\/uusi\/wp-content\/uploads\/2026\/03\/koulumainosuusi.jpg\" alt=\"\" width=\"724\" height=\"1024\" srcset=\"https:\/\/elainpuisto.fi\/uusi\/wp-content\/uploads\/2026\/03\/koulumainosuusi.jpg 724w, https:\/\/elainpuisto.fi\/uusi\/wp-content\/uploads\/2026\/03\/koulumainosuusi-300x424.jpg 300w, https:\/\/elainpuisto.fi\/uusi\/wp-content\/uploads\/2026\/03\/koulumainosuusi-212x300.jpg 212w\" sizes=\"(max-width: 724px) 100vw, 724px\" \/><\/p>\r\n<p>Voit tulostaa lomakkeen <a href=\"https:\/\/elainpuisto.fi\/uusi\/wp-content\/uploads\/2012\/08\/thumbnail_kysymyksia.jpg\" target=\"_blank\" rel=\"noopener noreferrer\" rel=\"lightbox[2]\">t\u00e4\u00e4lt\u00e4.<\/a><\/p>\r\n<p><a href=\"https:\/\/elainpuisto.fi\/uusi\/wp-content\/uploads\/2012\/08\/thumbnail_koulumainos-copy.jpg\" rel=\"lightbox[2]\">\u00a0<\/a><\/p>","protected":false},"excerpt":{"rendered":"<p>Tervetuloa sivuillemme! Toivosen El&auml;inpuisto ja Talonpojanmuseo sijaitsevat valtatie 8:n varressa K&auml;lvi&auml;ll&auml;, noin 10 km pohjoiseen Kokkolasta. Talonpojanmuseo ja sen yhteydess&auml; toimiva El&auml;inpuisto k&auml;sitt&auml;v&auml;t t&auml;ll&auml; hetkell&auml; 50 erillist&auml; rakennusta ja yli 12&#8239;500 museo-esinett&auml;. Museoalue laajenee jatkuvasti, ja sen kehitt&auml;misess&auml; pyrit&auml;&auml;n tarjoamaan &hellip; <a href=\"https:\/\/elainpuisto.fi\/uusi\/\">Continue reading <span class=\"meta-nav\">&rarr;<\/span><\/a><\/p>\n","protected":false},"author":1,"featured_media":0,"parent":0,"menu_order":1,"comment_status":"closed","ping_status":"closed","template":"sidebar-page.php","meta":{"footnotes":""},"_links":{"self":[{"href":"https:\/\/elainpuisto.fi\/uusi\/wp-json\/wp\/v2\/pages\/2"}],"collection":[{"href":"https:\/\/elainpuisto.fi\/uusi\/wp-json\/wp\/v2\/pages"}],"about":[{"href":"https:\/\/elainpuisto.fi\/uusi\/wp-json\/wp\/v2\/types\/page"}],"author":[{"embeddable":true,"href":"https:\/\/elainpuisto.fi\/uusi\/wp-json\/wp\/v2\/users\/1"}],"replies":[{"embeddable":true,"href":"https:\/\/elainpuisto.fi\/uusi\/wp-json\/wp\/v2\/comments?post=2"}],"version-history":[{"count":73,"href":"https:\/\/elainpuisto.fi\/uusi\/wp-json\/wp\/v2\/pages\/2\/revisions"}],"predecessor-version":[{"id":962,"href":"https:\/\/elainpuisto.fi\/uusi\/wp-json\/wp\/v2\/pages\/2\/revisions\/962"}],"wp:attachment":[{"href":"https:\/\/elainpuisto.fi\/uusi\/wp-json\/wp\/v2\/media?parent=2"}],"curies":[{"name":"wp","href":"https:\/\/api.w.org\/{rel}","templated":true}]}}